4.
44
Suppose 7*d = 17*d - 250. Let p be d + -24 + (3 - 0). Calculate the highest common factor of 3 and p.
1
Let x(m) = -m + 54. Let y be x(0). Suppose -110 = -2*z - y. Let k be z/(-8)*(-1 - 11). What is the greatest common divisor of 6 and k?
6
Suppose -90*j = -97*j + 13650. What is the highest common divisor of j and 234?
78
Let w = 4849 - 4681. What is the highest common divisor of w and 32?
8
Suppose -3159*g - 9626 = -3074*g - 41756. Let l = -17 + 31. What is the highest common factor of l and g?
14
Let j(s) = -s**3 - 9*s**2 - s - 12. Let d be j(-9). Let z be ((-2)/d)/(2/426). Let h = z + -130. Calculate the greatest common factor of h and 18.
6
Let u(q) = -2*q**2 + 37*q + 8. Let h be u(10). Suppose 5*g = 2*d - 157 - 19, 2*d = 4*g + h. What is the highest common factor of d and 31?
31
Let g = 27 + -36. Let j be 34/g - (-2)/(-9). Let n be (1 - (j - -1)) + 2. What is the greatest common factor of n and 48?
6
Let r(y) = -4*y - 85. Let v(j) = 6*j + 128. Let m(u) = -8*r(u) - 5*v(u). Let o be m(-9). Calculate the greatest common factor of 44 and o.
22
Suppose -228 - 725 = -5*m - 103. What is the greatest common divisor of m and 85?
85
Let r(b) = 17*b + 952. Let u be r(0). Suppose 0 = 16*o + 18*o - u. Let g = -133 + 273. Calculate the greatest common factor of o and g.
28
Let j = -5559 - -5739. Calculate the highest common factor of 1314 and j.
18
Let z(d) = -14*d - 103. Let n(b) = 13*b + 102. Let s(v) = -6*n(v) - 7*z(v). Let o be s(-5). What is the highest common divisor of 333 and o?
9
Let n(z) = -21*z**2 + z**3 - 25*z + 159 + 42*z**2 + 7*z**2. Let y be n(-29). Calculate the greatest common factor of y and 86.
43
Let g(l) be the first derivative of -9*l**2/2 + 5*l - 12. Let k be g(-2). Suppose -k*q = -25*q + 84. Calculate the highest common factor of q and 28.
14
Let c be 341 + (1 - (9 + -5)). Let w = c - 181. Let h = -140 + w. Calculate the greatest common divisor of h and 187.
17
Let p(y) = y**3 + 5*y**2 - 31*y + 55. Let u be p(2). Calculate the highest common divisor of 5663 and u.
7
Let c be (-3 - 28/(-8))/((-4)/(-32)). Let s(q) = -q**3 + 4*q**2 + q - 7. Let v be s(c). Let x = v + 25. What is the greatest common factor of x and 11?
11
Suppose -15*o + 18*o = 2*k + 341, -3*o = 3*k - 336. Calculate the greatest common divisor of 3503 and o.
113
Suppose -13*b - 481 = -q - 12*b, 0 = -q - 3*b + 477. What is the greatest common factor of q and 36?
12
Let c(d) = d**2 + 13*d - 302. Let q be c(-28). What is the greatest common divisor of q and 14?
2
Suppose 3*n - 7 = -a - 23, -3*n = 5*a + 20. Let t(v) = v**2 + 20*v + 84. Let g be t(n). Let x be 0/(1 - 0) - -1. What is the highest common divisor of x and g?
1
Suppose 195 + 202 = 4*z + 3*s, -405 = -4*z + 5*s. Let c = 28 - -2. Calculate the greatest common divisor of z and c.
10
Suppose -353*u + 290*u = -226800. What is the greatest common factor of u and 32?
16
Let n = -6259 + 6287. Calculate the greatest common factor of 2009 and n.
7
Let k be ((-1)/3)/(-3 - (-95)/30). Let b be -4 - -2 - (1 + k - 1). Let j be 22 + 3*(-1)/(-3)*b. Calculate the highest common factor of j and 11.
11
Let c be (-51)/((2/(-177))/(8/12)). What is the highest common factor of c and 34?
17
Suppose 0 = -h + 3*h - 160. Let m be -1 + 15 - (-1500 + 994). What is the highest common divisor of m and h?
40
Let k(f) = -f**2 - 26*f + 58. Let n be k(-28). Let l be -1 - 30/9*-12. Let j be (-43)/(-3) + (-13)/l. Calculate the greatest common divisor of n and j.
2
Suppose -4*w - 249 = -769. Let f be 4*2/(8/60). Let y = w - f. What is the greatest common divisor of 10 and y?
10
Let o(p) = 2*p**3 + 21*p**2 - 10*p + 13. Let b be o(-11). Suppose -70 - 53 = -3*j + 3*u, -b*j + 76 = -4*u. Calculate the greatest common divisor of j and 11.
11
Let z be 226/4 - (-2)/12*9. Let k = -40 + z. What is the highest common divisor of 306 and k?
18
Suppose 154190 - 34782 + 385040 = 32*t. Calculate the highest common factor of t and 14.
14
Suppose -3*d + 22 = 4*f - 5, 2*d - 18 = -4*f. Let q(g) = 31*g - 103. Let y be q(d). What is the greatest common factor of y and 32?
16
Suppose -112*p - 30 = -117*p. What is the greatest common factor of p and 768?
6
Suppose 22*x - 36 = 18*x. Suppose 0 = -4*l + 4*o + x + 11, 0 = 2*o + 6. Calculate the greatest common divisor of 82 and l.
2
Let l = -220 - -217. Let k be 5/((-10)/(-28)) + -2. Let v = k + l. What is the greatest common divisor of 36 and v?
9
Let v(j) = 17*j + 108. Let o(s) = -s. Let q(y) = -4*o(y) - v(y). Let p be q(-9). Calculate the highest common divisor of p and 18.
9
Suppose 295 = 7*i + 239. Let t(v) = -3*v - 32 + 7*v + 3*v. Let x be t(i). What is the greatest common divisor of 12 and x?
12
Suppose 4*y - 4*s = -60, -4*s + 15 = -4*y - 9*s. Let i = y - -66. Calculate the highest common divisor of i and 14.
14
Let q(p) = 331*p**2 - 117*p - 8. Let t be q(7). What is the highest common factor of 74 and t?
74
Let o = 77 + -29. Suppose -19*p + 5*c = -18*p - 60, p = -2*c + 88. Calculate the greatest common factor of p and o.
16
Let r be 5/(20/24) - 1. Suppose r*d + 30 = 8*d. Suppose w + 2*q = d, -25 - 2 = -4*w + 5*q. What is the highest common divisor of w and 2?
2
Suppose 57 + 38 = h. Let p = 29 + -9. Let d = 39 - p. What is the greatest common divisor of h and d?
19
Suppose -7*b + 3*b = -20. Let n(k) = 3*k**3 - 16*k**2 + 3*k + 11. Let m be n(b). Calculate the highest common divisor of 5 and m.
1
Let r = -5510 + 5608. What is the highest common divisor of r and 2?
2
Suppose 0 = 12*w - 15*w - 27. Let n = 14 + w. Suppose 9*b = -n + 23. What is the highest common divisor of 10 and b?
2
Let c(l) = -480*l - 401. Let p be c(-4). What is the greatest common divisor of 93 and p?
31
Let v(d) = 14 + 47 - 9 + 3 - 3*d. Let h be v(10). Calculate the greatest common divisor of 50 and h.
25
Suppose 129*z - 63960 = -2556. What is the highest common factor of z and 833?
119
Let m(s) = s**2 - 12*s - 119. Let r = -101 - -120. Let y be m(r). Calculate the greatest common factor of 350 and y.
14
Let f = -11 + 9. Let p = f + 107. Let t(o) = o**3 - 5*o**2 - 3*o - 56. Let i be t(7). Calculate the greatest common divisor of p and i.
21
Suppose -228*j - 41860 = -358*j. Calculate the highest common factor of j and 506.
46
Suppose 24*g = 21*g - 29*g + 96. What is the greatest common factor of 2229 and g?
3
Suppose 434 - 62 = -6*x. Let i = x + 83. Calculate the greatest common divisor of i and 7.
7
Let n be ((-2)/(-6)*8)/(36/54). Suppose 0 = -5*g + n*g + 58. Let w = g + -54. Calculate the greatest common divisor of w and 1.
1
Let g(z) = 3*z + 1. Let v be g(4). Suppose 104 = 28*i - 2*i. Suppose -3*c + 73 = 2*f + 4, -i*f + 171 = -5*c. What is the highest common divisor of v and f?
13
Let r(z) = 8 + 5*z - 12*z - 3*z. Let q be r(2). Let a = q - -16. Calculate the greatest common divisor of 36 and a.
4
Let l = 18 + 87. Let j be (-11)/((-198)/(-372)) - 8/(-12). Let x = j + 41. Calculate the highest common factor of x and l.
21
Let l be 122 - 1 - ((-126)/21)/(-1). Calculate the greatest common divisor of l and 2530.
115
Let r = -56 + 56. Suppose r = 6*k - 3*k - 12. Let q be 1 + 2 + -1 - -2. Calculate the greatest common factor of q and k.
4
Suppose -q + 2 = -0*q, 2*v = -2*q + 4. Let z be 0 - ((-4)/2 + v). Let o be z/(-5) - ((-254)/10 - 5). What is the highest common divisor of o and 6?
6
Let q = -29765 + 29974. Suppose -2*z + 22 = -0*z. What is the highest common factor of q and z?
11
Suppose 432*q - 289*q = 30173. What is the greatest common factor of q and 7807?
211
Suppose 6*l - 5*l - 1 = 0. Suppose 6*i - 25 - 5 = 0. Suppose 5*p = 2*u - 23, -2*p + 12 = u - i*p. What is the highest common factor of l and u?
1
Let q be 9/(-24) + 4806*(-1)/(-16). Calculate the highest common factor of 5250 and q.
150
Let z = 81 - -243. Suppose -21*q = -30*q + 72. Suppose -q*r + 3*r + 180 = 0. What is the highest common divisor of z and r?
36
Let r(g) = 3*g**3 - 7*g**2 + 7*g - 1. Let c be r(5). Suppose 0 = 100509*j - 100505*j - 104. What is the highest common factor of j and c?
26
Let q be ((-59)/(-236))/(2*2/400). Suppose a - q*a + 15552 = 0. Calculate the highest common divisor of a and 72.
72
Let v(m) be the second derivative of -m**5/4 - m**4/4 - 5*m**3/6 - m**2 + 105*m. Let d be v(-2). Calculate the highest common divisor of d and 120.
12
Let t be 2/((-2)/